 + 6 + -2 + -11 + 9.
3
-1 + -7 + (38 - 29)
1
What is 0 + -1 + (11 - 16) + 2?
-4
Calculate 12 + -9 + 0 - 2.
1
What is the value of -11 + (16 - (1 - -3))?
1
Calculate 1 + 0 + 0 - (-5 - -8).
-2
What is 9 + -3 - (24 - 23)?
5
What is (-2 - (5 - 10)) + -1 + 2?
4
What is the value of -27 + (-13 - -17) - -13?
-10
Evaluate -2 + 1 + -2 + (-16 - -21).
2
Calculate -2 + 2 + -11 + 7.
-4
What is the value of -5 + (1 - 0) + (10 - 1)?
5
Calculate 1 + (4 - 1) + 12 + -16.
0
Evaluate (-2 - (0 - 3)) + 0 + -3.
-2
Evaluate (-13 - -6) + -2 + 6.
-3
-4 + 2 + 1 + (2 - 0)
1
Calculate -1 - (-6 + 3 + 1).
1
Calculate (-1 - (-6 - -1)) + (68 - 70).
2
Evaluate (12 - (-3 + 8)) + 0.
7
What is 0 + -10 - (15 + (-4 - 15))?
-6
(-10 - -13) + -2 + -4 + 2
-1
What is the value of 3 + 15 + -6 - 19?
-7
16 - (2 - (-1 - 4))
9
Evaluate (-18 - (-13 - -1)) + (3 - -13).
10
Calculate 0 + 0 - (13 - 13).
0
What is 5 - (-4 - -6 - 0)?
3
What is the value of 3 - 2 - (-5 + 1 + -2)?
7
What is -6 + 0 + 4 - (-2 + 2)?
-2
8 + 14 + -10 + -13
-1
-1 - (0 + 0 - -4)
-5
-13 + 3 + 1 + 11
2
What is the value of -12 + 22 + -6 + 2 + -6?
0
Calculate (3 - (3 - (-5 - -3))) + 7.
5
Calculate 3 + 0 + -13 + 3.
-7
What is -3 + 10 - (3 - 1)?
5
Calculate 4 + (11 - (-8 - -28)).
-5
Calculate 2 + (1 + 3 - (5 - -4)).
-3
What is the value of (12 - 6) + 3 + -1?
8
Evaluate -31 - -34 - (-1 - -1) - 0.
3
Calculate -1 - (2 + 0) - (-9 - -2).
4
0 + (-1 - -1) + (6 - 8)
-2
Calculate -3 - 11 - (-8 - 2).
-4
1 - (2 + (-1 - -1))
-1
What is the value of 1 + 0 + (0 + -2 - -2)?
1
-5 - (-6 + 4 - -1)
-4
(-11 - -5) + 10 + -8
-4
Evaluate 2 - 0 - (7 - (4 + -1)).
-2
What is (-12 - -20) + -4 + 0?
4
1 + 2 - (12 + -4)
-5
Calculate -2 + (-6 - -3) + 0 + 0.
-5
What is -2 + 4 + -5 - 1?
-4
What is -2 + 3 + -5 + 10?
6
(3 - 4) + 3 + -4
-2
Evaluate -4 - -2 - (-25 - -29).
-6
38 - 41 - (-2 - (-3 + 4))
0
What is the value of 3 - 0 - (4 - 3 - -1)?
1
What is -8 + (-4 + 4 - -3)?
-5
-4 - -4 - (-3 - -7)
-4
(-3 - 1 - -2) + 3
1
What is 1 + 1 + 0 - (0 + 4)?
-2
Calculate 0 - (-9 + 7) - 9.
-7
Evaluate 2 + (-1 - (-5 - -2)).
4
What is (-2 - (4 + -5)) + -1?
-2
Evaluate -4 + 1 + 0 - 2.
-5
What is the value of -2 - (2 + 9 - (21 + -13))?
-5
Calculate (-5 - -2) + 6 - (9 - 10).
4
-3 + 3 - 8 - -4
-4
What is -3 + 1 + 0 + 4 + -7?
-5
Calculate (-32 - -31) + 1 + -5.
-5
What is -2 - (5 + 4 + -6)?
-5
What is the value of 6 + (7 + 7 - 15)?
5
Calculate -2 + (-5 + 1 - -8).
2
Calculate (-14 - -17) + (1 - -1).
5
4 + (-3 - (-3 - -8))
-4
4 + (5 - (-1 - -9) - 0)
1
Evaluate -2 + (-6 - (-21 - -11)).
2
Calculate -6 + -1 + -30 + 32.
-5
What is 21 - -3 - (1 - -8) - 6?
9
What is the value of 0 - 3 - -2 - 0?
-1
7 + -4 + (-2 - (-1 + -1))
3
Evaluate -7 - (3 + (0 - 8)).
-2
Evaluate (-4 - (3 + -6)) + (-23 - -25).
1
What is 6 + (-2 - (-4 + 3 - 0))?
5
6 + -6 - 0 - -4
4
What is 8 - 10 - (-1 - -6)?
-7
What is -20 + 7 - (-9 + 2)?
-6
What is the value of (4 - 3) + -3 + 2 - 2?
-2
Calculate -3 - 1 - (-9 - (8 - 20)).
-7
Evaluate (-1 - (7 + -9)) + -1.
0
Calculate 4 + -1 - 1 - (-1 + 0).
3
What is 0 + -1 + 1 + (19 - 17)?
2
Evaluate -1 + (1 - (8 - 4) - 2).
-6
What is the value of 3 + (-5 + (-4 - -18) - 6)?
6
Evaluate 3 + (0 - -5 - 3).
5
What is 30 - 33 - (2 - (3 + -2))?
-4
Calculate 19 - 6 - 11 - 2.
0
What is the value of -26 - -21 - (-12 - 0)?
7
Evaluate (1 - -3) + -3 - 3.
-2
What is the value of -2 + -1 + 2 + 3 + 2?
4
Evaluate -6 - -10 - 9 - (0 - 1).
-4
What is -5 + -1 - 1 - (29 + -31)?
-5
What is the value of (1 - 0) + -3 + 2?
0
(0 - (-6 + 6)) + -3 + 3
0
Calculate (0 - 5) + (-3 - 0 - -3).
-5
-6 + 2 - (-1 + (1 - 2))
-2
Evaluate 0 + -4 + 8 + 0.
4
-3 + -1 + (-3 - (-15 + 3))
5
What is the value of -7 - 4 - (-15 + 1)?
3
What is the value of 11 - (-9 - -14 - -1)?
5
Evaluate 2 + -10 - (-3 - (1 - -13)).
9
Calculate (-3 + 1 - -1) + 12 + -13.
-2
3 + 1 + (9 - 12)
1
-2 - 0 - ((2 - -1) + -1)
-4
What is the value of 2 - (-2 + 3) - (8 + -2)?
-5
What is the value of -4 + 1 - (5 + -12)?
4
Evaluate 8 + -2 - (-53 - -62).
-3
Calculate 4 + -6 + 4 + 2 - -3.
7
Evaluate -4 + 0 - (8 + -6).
-6
Calculate (-1 - 3 - -1) + 5.
2
What is the value of 6 + 9 + (-3 - 5)?
7
Calculate 7 + -4 - 4 - -2.
1
2 - (1 + (1 + 0 - -3))
-3
Calculate 22 + -11 - -1 - 9.
3
What is the value of 2 + 1 + (-4 - (-4 - 0))?
3
Evaluate 10 + (-11 - (-3 + -3)).
5
(30 - 31) + 0 + 5
4
Calculate 5 + -4 - (4 - (1 - -5)).
3
What is 8 + ((1 - -2) + -2 - 5)?
4
Evaluate (-5 - -4) + -4 + 0 - -5.
0
What is the value of (0 - -4) + 0 + (-3 - -2)?
3
What is the value of 3 - (-6 + 14 + 4)?
-9
-1 - (-2 + (-8 - -6))
3
Calculate (7 - 2) + (19 - 9 - 6).
9
What is the value of -8 - -7 - (-3 + 1)?
1
Evaluate -3 + 5 + 1 + (-2 - -1).
2
(4 - 3) + (13 + -11 - -3)
6
Evaluate -1 + 1 + 0 + (1 - -2).
3
Calculate -3 + 1 + 1 + -1 - -1.
-1
What is the value of (3 - 1) + -4 + (6 - 3)?
1
Evaluate (-6 - -9) + 1 + 2.
6
What is the value of 5 + -5 + 3 + -3?
0
43 + -44 - (-3 - -1)
1
What is the value of -1 - -7 - (-26 - -33)?
-1
Evaluate -6 + 2 - -6 - (-1 - 3).
6
What is 6 + -5 + -6 - (-8 - -2)?
1
-5 + 10 - (-2 + 8) - -2
1
-3 - (-8 + 3) - (2 - -2)
-2
What is (7 - 4) + 3 + (2 - 6)?
2
What is (-14 - -12) + 4 + -10?
-8
What is -4 - (7 + -4 - (-1 + 12))?
4
What is (2 - 7 - 5) + 5?
-5
Evaluate (1 - 3 - -1) + 10.
9
Evaluate -5 - (-6 + (0 - 10) + 5).
6
What is -9 + (2 - -3 - 3)?
-7
Calculate 10 - 3 - (11 + 2).
-6
What is -2 - -2 - (-2 - -3)?
-1
What is the value of -6 - -2 - (-2 - (0 - 3))?
-5
What is the value of 18 + 5 + 5 + -24?
4
What is 2 + (1 - 3) + 4?
4
3 + -6 - 4 - -2
-5
Calculate 7 + -10 + 4 + 2.
3
Calculate (-49 - -48) + (0 - -5 - 1).
3
Calculate 2 - (4 + -5 + (4 - -7)).
-8
Evaluate 2 + -6 + -1 + 4 - 1.
-2
What is 4 + -5 + 3 + -1?
1
What is 0 - 1 - (-8 - (13 + -15))?
5
Calculate -1 + -2 + (1 - 2).
-4
What is the value of 1 - -7 - 2 - 3 - 0?
3
What is (2 + 6 - 4) + 0?
4
(-14 - -21) + -1 + -6
0
What is 1 + (-1 - -1) + -4?
-3
Calculate (-1 - -2 - (-2 + 2)) + -3.
-2
What is the value of 8 + -2 + (12 - 11)?
7
4 + (-11 + 3 + 3 - 4)
-5
What is the value of 18 + -10 - (-4 + 5)?
7
What is the value of (-1 - (6 - 2)) + 4?
-1
Calculate (4 - (3 - 0)) + -4.
-3
What is 7 + -14 + (14 - (4 + 1))?
2
Calculate -2 + (-6 - -15) + -2.
5
Calculate -5 - (-3 + -3 + 6).
-5
What is the value of 1 + -15 + 13 + 7?
6
Evaluate 7 + 3 + (-16 - -4).
-2
Evaluate 6 + 3 + (-1 - 16) - -16.
8
Evaluate 12 + -4 + -4 + (5 - 5).
4
Calculate 10 + -3 + -3 + -5.
-1
What is 26 - 12 - 4 - 1?
9
What is (4 - 6) + 3 + -4?
-3
What is the value of 4 + -3 + (3 - 2) - 2?
0
What is (0 - -1) + -23 + 19?
-3
What is the value of 1 - 4 - 1 - 3 - -2?
-5
Calculate -5 + (2 - -1 - -8).
6
What is 2 + 3 + -4 + 4?
5
What is the value of 4 - -1 - (12 + -2)?
-5
3 - (-4 + 9 + -5)
3
What is the value of (9 - 12) + 7 + -2 + 1?
3
(-9 - -13 - (2 + 2)) + 3
3
Calculate -3 + -1 + -5 + (-7 - -11).
-5
What is -23 + (13 - 13 - -12)?
-11
Evaluate 0 + 7 + -6 + 2.
3
What is 1 + 3 - (17 - 16)?
3
What is 7 + -2 + -8 + 5?
2
Calculate -7 + 1 + (16 - -2 - 14).
-2
(8 - 2) + -3 + 0
3
-9 - (2 + -1 + -5)
-5
Calculate 7 + -14 - (0 + -4) - -2.
-1
Calculate -2 + 0 + (-11 - (-16 + 7)).
-4
Calculate -3 - (-1 + -13 - (49 - 52)).
8
What is -5 - ((0 - -7) + (22 - 31))?
-3
What is the value of 3 + -8 - (-2 - 2) - 2?
-3
Calculate 11 + -1 - (-2 - -8).
4
Evaluate 1 - 1 - (-3 - -1).
2
Evaluate (4 - 5) + -5 - 0.
-6
What is 3 + 5 + -11 + 3?
0
What is -123 + 129 - (0 - -6)?
0
What is -5 - (-9 - (2 + -9))?
-3
What is the value of (-9 + 1 + -2 - -6) + 6?
2
What is (14 + -11 - 0) + -3?
0
-17 - (-3 - 11) - (0 + -2)
-1
What is the value of -7 + (-1 - -1) - -3 - -9?
5
Calculate 10 - (5 + -5) - 5.
5
Evaluate 2 + (1 - -1) - (17 + -17).
4
-16 - (1 + 2) - -13
-6
9 + (-8 - (10 - 12))
3
Evaluate -1 - (-3 - (5 + -12) - 9).
4
Evaluate -1 + 2 - (16 + -15).
0
(-3 - 0) + 13 + (9 - 16)
3
What is -1 - (-7 - -8 - (1 + -3))?
-4
-1 + (-3 - -13) + -14
-5
What is the value of 6 + -2 - (-4 + -1 + 6)?
3
What is -5 + (-2 + 2 - 0) - -6?
1
Calculate -2 + -5 + (1 - -3).
-3
-1 + 0 - (-21 + 21)
-1
What is the value of -3 + 0 + (0 - 0) + 0?
-3
Evaluate 3 - 1 - ((8 - 4) + -1).
-1
1 - 6 - (-21 + (21 - 10))
5
Calculate 1 - (-1 + -3) - 0.
5
What is (-3 - -6) + (-1 - 1) + -4?
-3
What is the value of 2 + (2 + -1 - -2)?
5
Calculate 14 + (-2 - (-4 + 18)).
-2
Calculate -1 + -6 + -3 + 7.
-3
What is the value of 8 + -8 - (-7 + 7 + -1)?
1
Calculate 2 - 4 -